reatest common divisor of m and 105.
15
Let v = -10 + 17. Suppose -4*i - 2*q - q + 113 = 0, 5*q = -i + v. What is the highest common factor of i and 4?
4
Let r = -315 + 173. Let m be (-3)/(-6) + r/(-4). What is the highest common divisor of 4 and m?
4
Let x be (-266)/(-18) + (-2)/(-9). Let c be 3/(-12) + (-61)/(-4). What is the greatest common factor of x and c?
15
Suppose 0*g = 3*o + g - 69, -2*g - 82 = -4*o. Calculate the highest common factor of o and 66.
22
Suppose 16 = -4*c + 8*c. Let j(w) = -2*w**2 + 5*w - 5. Let o be j(c). Let r = o - -25. Calculate the greatest common factor of r and 72.
8
Let n be (252/10)/(-3)*-5. Let w = n - 12. Calculate the greatest common factor of w and 6.
6
Let c(d) be the first derivative of -d**2/2 + 4*d - 1. Let y be c(-3). Suppose 0 = -l, -3*s - 3*l + 42 = -4*l. What is the highest common factor of y and s?
7
Let b be 1*-30*147/(-35). Let t(s) = s**2 - 11. Let n be t(-5). Calculate the greatest common factor of n and b.
14
Let r = 74 - -46. Calculate the highest common divisor of r and 36.
12
Let d be -3 + 302/(2 - 0). Suppose d = 2*y - 62. What is the highest common divisor of 42 and y?
21
Suppose -5*l - d = -12, 0 = -l - 0*d - d. What is the greatest common factor of 15 and l?
3
Let u(l) = 8*l**2 + 4*l - 4. Let g be u(-4). Let q be (-2)/4*g/(-2). Suppose -4*f + f = -r - 10, r = 2*f - 7. Calculate the highest common factor of f and q.
3
Suppose -g = -o - 31, -10 = 4*g - 26. Let r = o + 47. What is the highest common divisor of r and 5?
5
Let m = -139 - -160. What is the greatest common divisor of m and 63?
21
Let m be (-1068)/30 - 2/5. Let f be (11/(-3))/(6/m). Suppose p - f + 10 = 0. What is the highest common factor of p and 60?
12
Let j(r) = r**3 - 10*r**2 - 11*r - 1. Let f be j(11). Suppose -4*p + 4 = -16. Let h be (f + 2)*(20 - p). Calculate the greatest common factor of h and 15.
15
Suppose -24 + 112 = 2*j. Suppose p = v - p - 22, 2*v + p = j. What is the greatest common factor of v and 2?
2
Suppose 4*x + 0*g = 2*g + 56, x - 2*g = 14. Calculate the greatest common divisor of 63 and x.
7
Let t be 4/18 - (-148)/(-18). Let h be (t/(-6))/(2/9). Suppose -3*b = x - 34, -b + 8 = 2*x - 0*x. Calculate the greatest common factor of b and h.
6
Let j = 14 + -8. Let t be (-4)/8*4*-1. Calculate the greatest common divisor of j and t.
2
Let w(z) = 2*z + 2. Let q be w(10). Suppose 0*s = -s - 3. Let t be (-22)/((-4)/((-6)/s)). What is the highest common factor of q and t?
11
Let x = 156 + -106. Let b = -120 + 245. What is the highest common factor of b and x?
25
Let a be (17 - 15)/((-2)/(-6)). Calculate the greatest common factor of 42 and a.
6
Suppose 13 = 3*i - 2. Let o = i + 75. Suppose -h - 145 = -3*f, -3*f + 2*h + 60 = -o. Calculate the highest common divisor of f and 10.
10
Let z be ((-6)/21 - (-976)/84)*33. What is the highest common divisor of z and 34?
34
Let l = 42 - 12. Let v(u) = u**2 + 7*u - 8. Let w(h) = -1. Let f(t) = -v(t) + 2*w(t). Let x be f(-7). What is the greatest common factor of l and x?
6
Let h(m) = m**2 + 13*m**2 - 1 + 19*m**2. Let b be h(-1). Calculate the greatest common factor of b and 80.
16
Suppose 0 = 2*s - 3*o - 33, 4*s + 2*o - 57 = 49. Let h(w) = 14*w - 10. Let p be h(5). What is the greatest common factor of s and p?
12
Suppose 0 = -4*c + 50 + 206. Suppose -2*n = 3*h - 50, -3*n + 35 = 2*h - 0*h. What is the greatest common factor of h and c?
16
Suppose -3*w + 10*w = 1680. Calculate the highest common factor of 30 and w.
30
Suppose 40 = 2*f + y, 5*y = -7*f + 2*f + 90. Suppose 0*t = -t + f. Calculate the greatest common divisor of t and 2.
2
Let y be ((-6)/4)/((-1)/(-4)). Let g = y + 7. Let k be (g + -2)/((-2)/44). What is the highest common divisor of k and 33?
11
Let r(u) = -u**3 + 5*u**2 + 6*u + 3. Let z = 13 - 18. Let l be r(z). Suppose 3*j = l - 7. Calculate the highest common divisor of 8 and j.
8
Suppose -6*i + 2*i = 0. Suppose -2*h - 4*n + 2 = i, n + 4 + 27 = 4*h. Let a be 1*-7*-1*1. What is the greatest common factor of h and a?
7
Let k(g) = -g**2 + 5*g + 7. Let n be k(6). Let v be (-1 - -6) + 1 + -1. Let j be (36/v)/(n/5). What is the greatest common divisor of j and 24?
12
Suppose 72 + 0 = 3*m. Let r be ((-27)/18)/((-6)/32). Let b = 14 - r. Calculate the greatest common factor of m and b.
6
Suppose 510 = 6*v + 204. Calculate the highest common divisor of 34 and v.
17
Let j be ((-12)/15)/((-4)/10). Let o = 57 + -35. What is the highest common factor of j and o?
2
Let w = 37 - 29. What is the highest common factor of 2 and w?
2
Let d(i) = -i - 5. Let r be d(-7). Let c be 29/2 - r/(-4). Calculate the greatest common divisor of 75 and c.
15
Suppose 5*v = 1 + 4, -v - 44 = 5*l. Let i = l - -25. Suppose -5*t + 3*c = -865, -2*c - 203 - 139 = -2*t. What is the highest common factor of i and t?
16
Let r(q) be the third derivative of -q**5/60 + q**4/6 + 7*q**3/6 - 2*q**2. Let o be r(5). Calculate the greatest common divisor of 18 and o.
2
Let m(d) = -d**3 + 18*d**2 + 19*d + 10. Let j be m(19). Let k be 11 + 1 + 4 + -1. What is the greatest common factor of k and j?
5
Let i be 5/(2 - (0 - -1)). Suppose 2*h - 3 + 9 = 0. Let r = i + h. What is the highest common divisor of r and 16?
2
Suppose 3*r - 5*h = -0*h + 54, -r + 2*h = -19. Suppose 4*g - 19 - 17 = 0. Let l = r - g. What is the highest common factor of l and 2?
2
Suppose 2*o = o + 23. Suppose 2*j + 3 - o = 0. Calculate the highest common factor of 10 and j.
10
Suppose m = g + 6, -3*g + 0 + 36 = 3*m. Suppose 0*l = 3*l - 108. Calculate the highest common divisor of m and l.
9
Suppose 2*m + 1 = c, 5*m = 2*c + 1 - 5. Let g = 14 + c. Suppose a - 31 + 0 = -4*b, 0 = -4*a - 4*b + 64. Calculate the highest common factor of g and a.
11
Suppose 0 = 2*q + 2*q - 64. Suppose -5*h = -f + 228, 4*h - 4*f + 24 = -168. Let m = h - -173. What is the highest common factor of m and q?
16
Let n = 17 - -19. Let a be -2 - (0 + 7)*-1. Suppose 9 = t + 5*j, 5*j + 20 = a*t + 5. Calculate the greatest common factor of t and n.
4
Let g = -13 + 21. Let r be ((-20)/(-5))/(2/4). Calculate the greatest common factor of r and g.
8
Suppose 3*c - 3*k + 93 = 0, c + 39 = 5*k - 0*k. Suppose x - 266 = 5*g, -27 = g + x + 31. Let w = c - g. What is the highest common factor of 10 and w?
5
Let a = -7 + 10. Let f be (-34)/(-4) + (-3)/(-6). Suppose f + 0 = v - 2*o, 2*v + 3*o = 39. What is the highest common divisor of v and a?
3
Let n(p) = -3*p - p + 2 + 2*p. Let m be n(-4). Calculate the greatest common factor of m and 50.
10
Suppose 0 = t + 5 - 18. Suppose -5*f + 2 = -t. Calculate the highest common factor of 2 and f.
1
Let d = 6 + -4. Suppose 12 = -3*n, -2*u - 4*n + 42 = -d*n. Suppose 0 = -2*i + 10, 0 = -m - 2*i + u. What is the greatest common divisor of 120 and m?
15
Let m = -5 + 15. Let h be 16/6*(-270)/(-6). Suppose 0 = 4*t - 3*a - 243 - h, -3*t - 3*a = -267. Calculate the highest common divisor of m and t.
10
Let f(s) = 2*s**2 + 6. Let u be f(3). Calculate the highest common factor of u and 2.
2
Let o(h) = -9*h + 25. Let d be o(0). What is the highest common factor of 175 and d?
25
Suppose 3*y - 4*a = 10, -2*y + 2*a + 8 + 0 = 0. Let u(d) = d - 6. Let z be u(y). Let t be (1 - z) + 58/2. Calculate the greatest common divisor of t and 45.
15
Let f(y) = -y**3 + 17*y**2 + 18*y + 26. Let l be f(18). Calculate the greatest common divisor of 286 and l.
26
Suppose 260 = 3*r + r. Let u(n) = n**2 + 12*n - 2. Let c be u(-14). What is the greatest common factor of c and r?
13
Let i be (9 + -6)*(-28)/(-3). What is the greatest common factor of i and 42?
14
Let b be (-3423)/(-18) + (-8)/48. Calculate the greatest common factor of 20 and b.
10
Suppose 0 = 5*x - x - 180. Suppose x + 15 = 5*t. Suppose -q - 4*z + 140 = -2*z, z - 4 = 0. What is the highest common divisor of q and t?
12
Let j(u) = u**2 + u - 1. Let a be j(-2). Suppose -f - 3 = -17. Suppose 4 = 2*l - f. What is the highest common factor of l and a?
1
Let v be 3*5/(-15) + 21. Calculate the greatest common factor of v and 5.
5
Let a(p) = p + 5. Let q be a(-9). Let v(y) = -25*y + 5. Let z be v(q). What is the greatest common factor of 21 and z?
21
Let c be (-5 + 4)*-2*1*2. Suppose 0 = 3*v - 0*v. Suppose v = 4*f - 6 - 74. What is the highest common factor of c and f?
4
Suppose w = b + 136 + 96, 0 = 2*b. Suppose 4*p = 3*y - w